{"id":304,"date":"2018-09-04T12:27:47","date_gmt":"2018-09-04T10:27:47","guid":{"rendered":"http:\/\/photoclub-puyloubier.org\/?page_id=304"},"modified":"2018-10-17T08:09:59","modified_gmt":"2018-10-17T06:09:59","slug":"stages","status":"publish","type":"page","link":"https:\/\/photoclub-puyloubier.org\/index.php\/stages\/","title":{"rendered":"Stages"},"content":{"rendered":"<h2><a href=\"http:\/\/photoclub-puyloubier.org\/index.php\/initiation-a-la-photographie\/\">Initiation \u00e0 la photographie (num\u00e9rique ou argentique)<\/a><\/h2>\n<p>Ce stage s&#8217;adresse aux personnes qui n&#8217;ont pas du tout ou tr\u00e8s peu de connaissances sur la photographie. Il d\u00e9crit les bases essentielles de la technique photographique en des termes simples, en s&#8217;appuyant sur des exemples clairs et faciles \u00e0 comprendre, et en se basant sur la pratique pour mieux assimiler les sujets trait\u00e9s.<\/p>\n<p style=\"text-align: center;\">T\u00e9l\u00e9charger le programmes du stage au format PDF<br \/>\n<strong><a href=\"http:\/\/photoclub-puyloubier.org\/wp-content\/uploads\/2018\/09\/stage-initiation.pdf\" target=\"_blank\" rel=\"noopener\">Initiation \u00e0 la photographie<\/a><\/strong><\/p>\n<h2><a href=\"http:\/\/photoclub-puyloubier.org\/index.php\/gerer-ses-images-avec-adobe-photoshop-lightroom\/\">G\u00e9rer ses images avec Adobe Photoshop Lightroom<\/a><\/h2>\n<p>Lightroom est un logiciel assez complet qui permet de cataloguer, d\u00e9velopper les fichiers RAW, am\u00e9liorer les fichiers JPG, g\u00e9olocaliser vos clich\u00e9s, pr\u00e9parer un livre pour publier vos photos, construire un diaporama, imprimer et publier vos photos sur un site web.<\/p>\n<p>C&#8217;est le logiciel que presque tous les photographes professionnels et amateurs avertis utilisent, en combinaison avec Photoshop ou un autre logiciel de traitement d&#8217;images.<\/p>\n<p style=\"text-align: center;\">T\u00e9l\u00e9charger les programmes de chaque stage au format PDF<br \/>\n<strong><a href=\"http:\/\/photoclub-puyloubier.org\/wp-content\/uploads\/2018\/09\/Stage-Lightroom-\u2013-Niveau-I_Version-2.pdf\" target=\"_blank\" rel=\"noopener\">Lightroom Niveau I<\/a><\/strong><br \/>\n<a href=\"http:\/\/photoclub-puyloubier.org\/wp-content\/uploads\/2018\/09\/Stage-Lightroom-\u2013-Niveau-II_version-2.pdf\" target=\"_blank\" rel=\"noopener\"><strong>Lightroom Niveau II<\/strong><\/a><\/p>\n<p style=\"text-align: center;\">Si l&#8217;un de ces stages vous int\u00e9resse, veuillez remplir le formulaire<br \/>\n<a href=\"https:\/\/webquest.fr\/?m=56154_pre-inscription-stages\" target=\"_blank\" rel=\"noopener\"><strong>Pr\u00e9inscription<\/strong> <strong>stages<\/strong> en cliquant<strong> ici<\/strong><\/a><\/p>\n<p>Aucun paiement ne vous sera demand\u00e9 en ligne. Ce formulaire est s\u00e9curis\u00e9 sur le site webquest.fr et nous sert uniquement \u00e0 prendre en compte votre demande et \u00e0 vous contacter dans les meilleurs d\u00e9lais possibles. Les donn\u00e9es que vous y inscrirez seront effac\u00e9es du site webquest.fr d\u00e8s que nous en prendrons connaissance.<\/p>\n","protected":false},"excerpt":{"rendered":"<p>Initiation \u00e0 la photographie (num\u00e9rique ou argentique) Ce stage s&#8217;adresse aux personnes qui n&#8217;ont pas du tout ou tr\u00e8s peu de connaissances sur la photographie. Il d\u00e9crit les bases essentielles de la technique photographique en des termes simples, en s&#8217;appuyant&#8230; <a href=\"https:\/\/photoclub-puyloubier.org\/index.php\/stages\/\" class=\"read-more\">Lire la suite&#8230;<\/a><\/p>\n","protected":false},"author":1,"featured_media":0,"parent":0,"menu_order":0,"comment_status":"closed","ping_status":"closed","template":"","meta":[],"_links":{"self":[{"href":"https:\/\/photoclub-puyloubier.org\/index.php\/wp-json\/wp\/v2\/pages\/304"}],"collection":[{"href":"https:\/\/photoclub-puyloubier.org\/index.php\/wp-json\/wp\/v2\/pages"}],"about":[{"href":"https:\/\/photoclub-puyloubier.org\/index.php\/wp-json\/wp\/v2\/types\/page"}],"author":[{"embeddable":true,"href":"https:\/\/photoclub-puyloubier.org\/index.php\/wp-json\/wp\/v2\/users\/1"}],"replies":[{"embeddable":true,"href":"https:\/\/photoclub-puyloubier.org\/index.php\/wp-json\/wp\/v2\/comments?post=304"}],"version-history":[{"count":11,"href":"https:\/\/photoclub-puyloubier.org\/index.php\/wp-json\/wp\/v2\/pages\/304\/revisions"}],"predecessor-version":[{"id":439,"href":"https:\/\/photoclub-puyloubier.org\/index.php\/wp-json\/wp\/v2\/pages\/304\/revisions\/439"}],"wp:attachment":[{"href":"https:\/\/photoclub-puyloubier.org\/index.php\/wp-json\/wp\/v2\/media?parent=304"}],"curies":[{"name":"wp","href":"https:\/\/api.w.org\/{rel}","templated":true}]}}